{"id":9450,"date":"2025-04-24T15:05:39","date_gmt":"2025-04-24T15:05:39","guid":{"rendered":"https:\/\/millecenta.com\/permanentmakeup\/?page_id=9450"},"modified":"2025-07-18T16:05:22","modified_gmt":"2025-07-18T16:05:22","slug":"skontaktuj-sie-z-nami","status":"publish","type":"page","link":"https:\/\/millecenta.com\/permanentmakeup\/pl\/skontaktuj-sie-z-nami\/","title":{"rendered":"Skontaktuj si\u0119 z nami!"},"content":{"rendered":"\n<p class=\"has-background\" style=\"background-color:#f5b8f2\"><strong>Ka\u017cd\u0105 osob\u0119 przyjmuj\u0119 indywidualnie \u2013 tylko po wcze\u015bniejszej rezerwacji wizyty.<\/strong><br>W mojej pracowni we Wroc\u0142awiu dbam o spok\u00f3j, komfort i bezpiecze\u0144stwo ka\u017cdej klientki, dlatego wizyty odbywaj\u0105 si\u0119 wy\u0142\u0105cznie po um\u00f3wieniu terminu, zgodnie z aktualnymi zaleceniami sanitarnymi.<\/p>\n\n\n\n<p class=\"has-background\" style=\"background-color:#f5b8f2\">Wroc\u0142aw, Polska<\/p>\n\n\n\n<figure class=\"wp-block-embed is-type-wp-embed is-provider-maquillage-permanent wp-block-embed-maquillage-permanent\"><div class=\"wp-block-embed__wrapper\">\n<blockquote class=\"wp-embedded-content\" data-secret=\"MZZ46hWEWt\"><a href=\"https:\/\/millecenta.com\/permanentmakeup\/pl\/millecenta-alesya-khokhlova\/\">Millecenta (Alesia Khakhlova)<\/a><\/blockquote><iframe loading=\"lazy\" class=\"wp-embedded-content\" sandbox=\"allow-scripts\" security=\"restricted\" style=\"position: absolute; clip: rect(1px, 1px, 1px, 1px);\" title=\"\u00abMillecenta (Alesia Khakhlova)\u00bb &#8212; Permanentny makija\u017c\" src=\"https:\/\/millecenta.com\/permanentmakeup\/pl\/millecenta-alesya-khokhlova\/embed\/#?secret=S80IjTPaoS#?secret=MZZ46hWEWt\" data-secret=\"MZZ46hWEWt\" width=\"600\" height=\"338\" frameborder=\"0\" marginwidth=\"0\" marginheight=\"0\" scrolling=\"no\"><\/iframe>\n<\/div><\/figure>\n\n\n\n<figure class=\"wp-block-embed is-type-wp-embed is-provider-maquillage-permanent wp-block-embed-maquillage-permanent\"><div class=\"wp-block-embed__wrapper\">\n<blockquote class=\"wp-embedded-content\" data-secret=\"UKGUKbtS2Y\"><a href=\"https:\/\/millecenta.com\/permanentmakeup\/pl\/cena-makijaz-permanentny\/\">Cennik<\/a><\/blockquote><iframe loading=\"lazy\" class=\"wp-embedded-content\" sandbox=\"allow-scripts\" security=\"restricted\" style=\"position: absolute; clip: rect(1px, 1px, 1px, 1px);\" title=\"\u00abCennik\u00bb &#8212; Permanentny makija\u017c\" src=\"https:\/\/millecenta.com\/permanentmakeup\/pl\/cena-makijaz-permanentny\/embed\/#?secret=nLEGj1uqBp#?secret=UKGUKbtS2Y\" data-secret=\"UKGUKbtS2Y\" width=\"600\" height=\"338\" frameborder=\"0\" marginwidth=\"0\" marginheight=\"0\" scrolling=\"no\"><\/iframe>\n<\/div><\/figure>\n\n\n\n<p class=\"has-black-color has-text-color has-background\" style=\"background-color:#f7a1b4\"><strong>Rezerwacja wizyty \u2013 zielony przycisk poni\u017cej (WhatsApp)<\/strong><\/p>\n\n\n\n<p class=\"has-black-color has-text-color has-background\" style=\"background-color:#f7a1b4\"><strong>WatsApp:<\/strong> <a href=\"tel:+48506679358\">506679358<\/a><\/p>\n\n\n\n<p class=\"has-black-color has-text-color has-background\" style=\"background-color:#f7a1b4\"><strong>email:<\/strong> <a href=\"mailto:millecenta@icloud.com\">millecenta@icloud.com<\/a><\/p>\n\n\n\n<p class=\"has-secondary-color has-text-color\">Na wszystkie wiadomo\u015bci odpowiadam osobi\u015bcie. Je\u015bli nie mo\u017cesz si\u0119 ze mn\u0105 skontaktowa\u0107, zostaw prosz\u0119 wiadomo\u015b\u0107 \u2013 odezw\u0119 si\u0119 tak szybko, jak to mo\u017cliwe.<\/p>\n\n\n\n<p class=\"has-background\" style=\"background-color:#d2fec1\">Zwracamy uwag\u0119, \u017ce zgodnie z zaleceniami&nbsp;<strong>Ministerstwa Zdrowia RP<\/strong>, klienci powinni przychodzi\u0107 na zabieg makija\u017cu permanentnego&nbsp;<strong>w maseczce ochronnej<\/strong>.<\/p>\n\n\n\n<p class=\"has-background\" style=\"background-color:#d2fec1\">W studio wdro\u017cono pe\u0142ny&nbsp;<strong>indywidualny system dzia\u0142a\u0144 sanitarno-epidemiologicznych<\/strong>, maj\u0105cy na celu zapewnienie bezpiecze\u0144stwa&nbsp;<strong>zar\u00f3wno przed, jak i po wizycie<\/strong>.<br>Dbamy o zdrowie ka\u017cdego klienta.<\/p>\n\n\n\n<p class=\"has-background\" style=\"background-color:#d2fec1\"><strong>WhatsApp<\/strong>: <a href=\"tel:48506679358\">48506679358<\/a><\/p>\n\n\n\n<p class=\"has-background\" style=\"background-color:#d2fec1\"><strong>e-mail: <\/strong><a href=\"mailto:milecenta@icloud.com\">milecenta@icloud.com<\/a><\/p>\n\n\n\n<p>Z wielk\u0105 przyjemno\u015bci\u0105 zapraszam do \u015bledzenia moich najnowszych artyku\u0142\u00f3w, porad oraz inspiruj\u0105cych metamorfoz. B\u0119d\u0119 wdzi\u0119czna za Twoje zainteresowanie i obecno\u015b\u0107 tak\u017ce na:<\/p>\n\n\n\n<a href=\"https:\/\/instagram.com\/pmu.school.online\"><svg class=\"icon icon-instagram\" aria-hidden=\"true\" role=\"img\" style=\"width:10%;\"> <use xlink:href=\"https:\/\/millecenta.com\/permanentmakeup\/wp-content\/themes\/donovan\/assets\/icons\/social-icons.svg#icon-instagram\"><\/use><\/svg><\/a>\n<a href=\"https:\/\/facebook.com\/pmu.school.online\"><svg class=\"icon icon-facebook\" aria-hidden=\"true\" role=\"img\" style=\"width:10%;\"><use xlink:href=\"https:\/\/millecenta.com\/permanentmakeup\/wp-content\/themes\/donovan\/assets\/icons\/social-icons.svg#icon-facebook\"><\/use><\/svg><\/a>\n<p><a href=\"\/\/www.pinterest.com\/pin\/create\/button\/\" data-pin-do=\"buttonBookmark\" data-pin-color=\"red\" data-pin-height=\"128\"><img decoding=\"async\" src=\"\/\/assets.pinterest.com\/images\/pidgets\/pinit_fg_en_rect_red_28.png\" \/><\/a><\/p>","protected":false},"excerpt":{"rendered":"<p>Ka\u017cd\u0105 osob\u0119 przyjmuj\u0119 indywidualnie \u2013 tylko po wcze\u015bniejszej rezerwacji wizyty.W mojej pracowni we Wroc\u0142awiu dbam o spok\u00f3j, komfort i bezpiecze\u0144stwo<\/p>\n","protected":false},"author":3,"featured_media":0,"parent":0,"menu_order":0,"comment_status":"closed","ping_status":"closed","template":"","meta":{"_joinchat":[],"footnotes":""},"class_list":["post-9450","page","type-page","status-publish","hentry","comments-off"],"yoast_head":"<!-- This site is optimized with the Yoast SEO plugin v27.3 - https:\/\/yoast.com\/product\/yoast-seo-wordpress\/ -->\n<title>Skontaktuj si\u0119 z nami! - Maquillage permanent<\/title>\n<meta name=\"description\" content=\"Kontakt z mistrzyni\u0105 \u2013 autork\u0105 bloga \u201eWszystko o makija\u017cu permanentnym\u201d, encyklopedii wiedzy o tatua\u017cu estetycznym i dermopigmentacji areoli\" \/>\n<meta name=\"robots\" content=\"index, follow, max-snippet:-1, max-image-preview:large, max-video-preview:-1\" \/>\n<link rel=\"canonical\" href=\"https:\/\/millecenta.com\/permanentmakeup\/pl\/skontaktuj-sie-z-nami\/\" \/>\n<meta property=\"og:locale\" content=\"ru_RU\" \/>\n<meta property=\"og:type\" content=\"article\" \/>\n<meta property=\"og:title\" content=\"Skontaktuj si\u0119 z nami! - Maquillage permanent\" \/>\n<meta property=\"og:description\" content=\"Kontakt z mistrzyni\u0105 \u2013 autork\u0105 bloga \u201eWszystko o makija\u017cu permanentnym\u201d, encyklopedii wiedzy o tatua\u017cu estetycznym i dermopigmentacji areoli\" \/>\n<meta property=\"og:url\" content=\"https:\/\/millecenta.com\/permanentmakeup\/pl\/skontaktuj-sie-z-nami\/\" \/>\n<meta property=\"og:site_name\" content=\"Maquillage permanent\" \/>\n<meta property=\"article:publisher\" content=\"https:\/\/facebook.com\/pmu.school.online\/\" \/>\n<meta property=\"article:modified_time\" content=\"2025-07-18T16:05:22+00:00\" \/>\n<meta name=\"twitter:card\" content=\"summary_large_image\" \/>\n<meta name=\"twitter:label1\" content=\"\u041f\u0440\u0438\u043c\u0435\u0440\u043d\u043e\u0435 \u0432\u0440\u0435\u043c\u044f \u0434\u043b\u044f \u0447\u0442\u0435\u043d\u0438\u044f\" \/>\n\t<meta name=\"twitter:data1\" content=\"1 \u043c\u0438\u043d\u0443\u0442\u0430\" \/>\n<script type=\"application\/ld+json\" class=\"yoast-schema-graph\">{\"@context\":\"https:\\\/\\\/schema.org\",\"@graph\":[{\"@type\":\"WebPage\",\"@id\":\"https:\\\/\\\/millecenta.com\\\/permanentmakeup\\\/pl\\\/skontaktuj-sie-z-nami\\\/\",\"url\":\"https:\\\/\\\/millecenta.com\\\/permanentmakeup\\\/pl\\\/skontaktuj-sie-z-nami\\\/\",\"name\":\"Skontaktuj si\u0119 z nami! - Maquillage permanent\",\"isPartOf\":{\"@id\":\"https:\\\/\\\/millecenta.com\\\/permanentmakeup\\\/#website\"},\"datePublished\":\"2025-04-24T15:05:39+00:00\",\"dateModified\":\"2025-07-18T16:05:22+00:00\",\"description\":\"Kontakt z mistrzyni\u0105 \u2013 autork\u0105 bloga \u201eWszystko o makija\u017cu permanentnym\u201d, encyklopedii wiedzy o tatua\u017cu estetycznym i dermopigmentacji areoli\",\"breadcrumb\":{\"@id\":\"https:\\\/\\\/millecenta.com\\\/permanentmakeup\\\/pl\\\/skontaktuj-sie-z-nami\\\/#breadcrumb\"},\"inLanguage\":\"ru-RU\",\"potentialAction\":[{\"@type\":\"ReadAction\",\"target\":[\"https:\\\/\\\/millecenta.com\\\/permanentmakeup\\\/pl\\\/skontaktuj-sie-z-nami\\\/\"]}]},{\"@type\":\"BreadcrumbList\",\"@id\":\"https:\\\/\\\/millecenta.com\\\/permanentmakeup\\\/pl\\\/skontaktuj-sie-z-nami\\\/#breadcrumb\",\"itemListElement\":[{\"@type\":\"ListItem\",\"position\":1,\"name\":\"Hauptseite\",\"item\":\"https:\\\/\\\/millecenta.com\\\/permanentmakeup\\\/\"},{\"@type\":\"ListItem\",\"position\":2,\"name\":\"Skontaktuj si\u0119 z nami!\"}]},{\"@type\":\"WebSite\",\"@id\":\"https:\\\/\\\/millecenta.com\\\/permanentmakeup\\\/#website\",\"url\":\"https:\\\/\\\/millecenta.com\\\/permanentmakeup\\\/\",\"name\":\"Maquillage permanent\",\"description\":\"Studio de tatouage Millecenta\",\"potentialAction\":[{\"@type\":\"SearchAction\",\"target\":{\"@type\":\"EntryPoint\",\"urlTemplate\":\"https:\\\/\\\/millecenta.com\\\/permanentmakeup\\\/?s={search_term_string}\"},\"query-input\":{\"@type\":\"PropertyValueSpecification\",\"valueRequired\":true,\"valueName\":\"search_term_string\"}}],\"inLanguage\":\"ru-RU\"}]}<\/script>\n<!-- \/ Yoast SEO plugin. -->","yoast_head_json":{"title":"Skontaktuj si\u0119 z nami! - Maquillage permanent","description":"Kontakt z mistrzyni\u0105 \u2013 autork\u0105 bloga \u201eWszystko o makija\u017cu permanentnym\u201d, encyklopedii wiedzy o tatua\u017cu estetycznym i dermopigmentacji areoli","robots":{"index":"index","follow":"follow","max-snippet":"max-snippet:-1","max-image-preview":"max-image-preview:large","max-video-preview":"max-video-preview:-1"},"canonical":"https:\/\/millecenta.com\/permanentmakeup\/pl\/skontaktuj-sie-z-nami\/","og_locale":"ru_RU","og_type":"article","og_title":"Skontaktuj si\u0119 z nami! - Maquillage permanent","og_description":"Kontakt z mistrzyni\u0105 \u2013 autork\u0105 bloga \u201eWszystko o makija\u017cu permanentnym\u201d, encyklopedii wiedzy o tatua\u017cu estetycznym i dermopigmentacji areoli","og_url":"https:\/\/millecenta.com\/permanentmakeup\/pl\/skontaktuj-sie-z-nami\/","og_site_name":"Maquillage permanent","article_publisher":"https:\/\/facebook.com\/pmu.school.online\/","article_modified_time":"2025-07-18T16:05:22+00:00","twitter_card":"summary_large_image","twitter_misc":{"\u041f\u0440\u0438\u043c\u0435\u0440\u043d\u043e\u0435 \u0432\u0440\u0435\u043c\u044f \u0434\u043b\u044f \u0447\u0442\u0435\u043d\u0438\u044f":"1 \u043c\u0438\u043d\u0443\u0442\u0430"},"schema":{"@context":"https:\/\/schema.org","@graph":[{"@type":"WebPage","@id":"https:\/\/millecenta.com\/permanentmakeup\/pl\/skontaktuj-sie-z-nami\/","url":"https:\/\/millecenta.com\/permanentmakeup\/pl\/skontaktuj-sie-z-nami\/","name":"Skontaktuj si\u0119 z nami! - Maquillage permanent","isPartOf":{"@id":"https:\/\/millecenta.com\/permanentmakeup\/#website"},"datePublished":"2025-04-24T15:05:39+00:00","dateModified":"2025-07-18T16:05:22+00:00","description":"Kontakt z mistrzyni\u0105 \u2013 autork\u0105 bloga \u201eWszystko o makija\u017cu permanentnym\u201d, encyklopedii wiedzy o tatua\u017cu estetycznym i dermopigmentacji areoli","breadcrumb":{"@id":"https:\/\/millecenta.com\/permanentmakeup\/pl\/skontaktuj-sie-z-nami\/#breadcrumb"},"inLanguage":"ru-RU","potentialAction":[{"@type":"ReadAction","target":["https:\/\/millecenta.com\/permanentmakeup\/pl\/skontaktuj-sie-z-nami\/"]}]},{"@type":"BreadcrumbList","@id":"https:\/\/millecenta.com\/permanentmakeup\/pl\/skontaktuj-sie-z-nami\/#breadcrumb","itemListElement":[{"@type":"ListItem","position":1,"name":"Hauptseite","item":"https:\/\/millecenta.com\/permanentmakeup\/"},{"@type":"ListItem","position":2,"name":"Skontaktuj si\u0119 z nami!"}]},{"@type":"WebSite","@id":"https:\/\/millecenta.com\/permanentmakeup\/#website","url":"https:\/\/millecenta.com\/permanentmakeup\/","name":"Maquillage permanent","description":"Studio de tatouage Millecenta","potentialAction":[{"@type":"SearchAction","target":{"@type":"EntryPoint","urlTemplate":"https:\/\/millecenta.com\/permanentmakeup\/?s={search_term_string}"},"query-input":{"@type":"PropertyValueSpecification","valueRequired":true,"valueName":"search_term_string"}}],"inLanguage":"ru-RU"}]}},"_links":{"self":[{"href":"https:\/\/millecenta.com\/permanentmakeup\/wp-json\/wp\/v2\/pages\/9450","targetHints":{"allow":["GET"]}}],"collection":[{"href":"https:\/\/millecenta.com\/permanentmakeup\/wp-json\/wp\/v2\/pages"}],"about":[{"href":"https:\/\/millecenta.com\/permanentmakeup\/wp-json\/wp\/v2\/types\/page"}],"author":[{"embeddable":true,"href":"https:\/\/millecenta.com\/permanentmakeup\/wp-json\/wp\/v2\/users\/3"}],"replies":[{"embeddable":true,"href":"https:\/\/millecenta.com\/permanentmakeup\/wp-json\/wp\/v2\/comments?post=9450"}],"version-history":[{"count":9,"href":"https:\/\/millecenta.com\/permanentmakeup\/wp-json\/wp\/v2\/pages\/9450\/revisions"}],"predecessor-version":[{"id":11402,"href":"https:\/\/millecenta.com\/permanentmakeup\/wp-json\/wp\/v2\/pages\/9450\/revisions\/11402"}],"wp:attachment":[{"href":"https:\/\/millecenta.com\/permanentmakeup\/wp-json\/wp\/v2\/media?parent=9450"}],"curies":[{"name":"wp","href":"https:\/\/api.w.org\/{rel}","templated":true}]}}